{"version":"1.0","provider_name":"Caminando Fronteras","provider_url":"https:\/\/caminandofronteras.org\/fr\/","author_name":"Antonio Bonachera","author_url":"https:\/\/caminandofronteras.org\/fr\/author\/antoniobonachera\/","title":"SUIVI DU DROIT \u00c0 LA VIE 2025 - Caminando Fronteras","type":"rich","width":600,"height":338,"html":"<blockquote class=\"wp-embedded-content\" data-secret=\"fxB8zTMW8x\"><a href=\"https:\/\/caminandofronteras.org\/fr\/monitoreo\/suivi-du-droit-a-la-vie-2025\/\">SUIVI DU DROIT \u00c0 LA VIE 2025<\/a><\/blockquote><iframe sandbox=\"allow-scripts\" security=\"restricted\" src=\"https:\/\/caminandofronteras.org\/fr\/monitoreo\/suivi-du-droit-a-la-vie-2025\/embed\/#?secret=fxB8zTMW8x\" width=\"600\" height=\"338\" title=\"\u00ab\u00a0SUIVI DU DROIT \u00c0 LA VIE 2025\u00a0\u00bb &#8212; Caminando Fronteras\" data-secret=\"fxB8zTMW8x\" frameborder=\"0\" marginwidth=\"0\" marginheight=\"0\" scrolling=\"no\" class=\"wp-embedded-content\"><\/iframe><script>\n\/*! This file is auto-generated *\/\n!function(d,l){\"use strict\";l.querySelector&&d.addEventListener&&\"undefined\"!=typeof URL&&(d.wp=d.wp||{},d.wp.receiveEmbedMessage||(d.wp.receiveEmbedMessage=function(e){var t=e.data;if((t||t.secret||t.message||t.value)&&!\/[^a-zA-Z0-9]\/.test(t.secret)){for(var s,r,n,a=l.querySelectorAll('iframe[data-secret=\"'+t.secret+'\"]'),o=l.querySelectorAll('blockquote[data-secret=\"'+t.secret+'\"]'),c=new RegExp(\"^https?:$\",\"i\"),i=0;i<o.length;i++)o[i].style.display=\"none\";for(i=0;i<a.length;i++)s=a[i],e.source===s.contentWindow&&(s.removeAttribute(\"style\"),\"height\"===t.message?(1e3<(r=parseInt(t.value,10))?r=1e3:~~r<200&&(r=200),s.height=r):\"link\"===t.message&&(r=new URL(s.getAttribute(\"src\")),n=new URL(t.value),c.test(n.protocol))&&n.host===r.host&&l.activeElement===s&&(d.top.location.href=t.value))}},d.addEventListener(\"message\",d.wp.receiveEmbedMessage,!1),l.addEventListener(\"DOMContentLoaded\",function(){for(var e,t,s=l.querySelectorAll(\"iframe.wp-embedded-content\"),r=0;r<s.length;r++)(t=(e=s[r]).getAttribute(\"data-secret\"))||(t=Math.random().toString(36).substring(2,12),e.src+=\"#?secret=\"+t,e.setAttribute(\"data-secret\",t)),e.contentWindow.postMessage({message:\"ready\",secret:t},\"*\")},!1)))}(window,document);\n\/\/# sourceURL=https:\/\/caminandofronteras.org\/wp-includes\/js\/wp-embed.min.js\n<\/script>\n","thumbnail_url":"https:\/\/caminandofronteras.org\/wp-content\/uploads\/2025\/12\/DALV-25-caratula-fr.jpg","thumbnail_width":1920,"thumbnail_height":1080,"description":"En 2025, 3 090 personnes ont perdu la vie aux fronti\u00e8res espagnoles, dans un contexte marqu\u00e9 par l\u2019augmentation des trag\u00e9dies, la consolidation de la route alg\u00e9rienne et l\u2019\u00e9mergence de nouvelles routes migratoires plus longues, comme celle au d\u00e9part de la Guin\u00e9e Conakry. Entre le 1er janvier et le 15 d\u00e9cembre 2025, 3 090 personnes sont ... Lire plus"}

SUIVI DU DROIT À LA VIE 2025 - Caminando Fronteras

<blockquote class="wp-embedded-content" data-secret="fxB8zTMW8x"><a href="https://caminandofronteras.org/fr/monitoreo/suivi-du-droit-a-la-vie-2025/">SUIVI DU DROIT À LA VIE 2025</a></blockquote><iframe sandbox="allow-scripts" security="restricted" src="https://caminandofronteras.org/fr/monitoreo/suivi-du-droit-a-la-vie-2025/embed/#?secret=fxB8zTMW8x" width="600" height="338" title="« SUIVI DU DROIT À LA VIE 2025 » &#8212; Caminando Fronteras" data-secret="fxB8zTMW8x" frameborder="0" marginwidth="0" marginheight="0" scrolling="no" class="wp-embedded-content"></iframe><script>
/*! This file is auto-generated */
!function(d,l){"use strict";l.querySelector&&d.addEventListener&&"undefined"!=typeof URL&&(d.wp=d.wp||{},d.wp.receiveEmbedMessage||(d.wp.receiveEmbedMessage=function(e){var t=e.data;if((t||t.secret||t.message||t.value)&&!/[^a-zA-Z0-9]/.test(t.secret)){for(var s,r,n,a=l.querySelectorAll('iframe[data-secret="'+t.secret+'"]'),o=l.querySelectorAll('blockquote[data-secret="'+t.secret+'"]'),c=new RegExp("^https?:$","i"),i=0;i<o.length;i++)o[i].style.display="none";for(i=0;i<a.length;i++)s=a[i],e.source===s.contentWindow&&(s.removeAttribute("style"),"height"===t.message?(1e3<(r=parseInt(t.value,10))?r=1e3:~~r<200&&(r=200),s.height=r):"link"===t.message&&(r=new URL(s.getAttribute("src")),n=new URL(t.value),c.test(n.protocol))&&n.host===r.host&&l.activeElement===s&&(d.top.location.href=t.value))}},d.addEventListener("message",d.wp.receiveEmbedMessage,!1),l.addEventListener("DOMContentLoaded",function(){for(var e,t,s=l.querySelectorAll("iframe.wp-embedded-content"),r=0;r<s.length;r++)(t=(e=s[r]).getAttribute("data-secret"))||(t=Math.random().toString(36).substring(2,12),e.src+="#?secret="+t,e.setAttribute("data-secret",t)),e.contentWindow.postMessage({message:"ready",secret:t},"*")},!1)))}(window,document);
//# sourceURL=https://caminandofronteras.org/wp-includes/js/wp-embed.min.js
</script>

En 2025, 3 090 personnes ont perdu la vie aux frontières espagnoles, dans un contexte marqué par l’augmentation des tragédies, la consolidation de la route algérienne et l’émergence de nouvelles routes migratoires plus longues, comme celle au départ de la Guinée Conakry. Entre le 1er janvier et le 15 décembre 2025, 3 090 personnes sont ... Lire plus
