{"version":"1.0","provider_name":"Caminando Fronteras","provider_url":"https:\/\/caminandofronteras.org\/fr\/","author_name":"caminandofronteras","author_url":"https:\/\/caminandofronteras.org\/fr\/author\/caminandofronteras\/","title":"Rapport - Victimes de la fronti\u00e8re Nador-Melilla 24\/6\/2022 - Caminando Fronteras","type":"rich","width":600,"height":338,"html":"<blockquote class=\"wp-embedded-content\" data-secret=\"V0xt5eHBAw\"><a href=\"https:\/\/caminandofronteras.org\/fr\/monitoreo\/victimas-de-la-frontera-nador-melilla\/\">Rapport &#8211; Victimes de la fronti\u00e8re Nador-Melilla 24\/6\/2022<\/a><\/blockquote><iframe sandbox=\"allow-scripts\" security=\"restricted\" src=\"https:\/\/caminandofronteras.org\/fr\/monitoreo\/victimas-de-la-frontera-nador-melilla\/embed\/#?secret=V0xt5eHBAw\" width=\"600\" height=\"338\" title=\"\u00ab\u00a0Rapport &#8211; Victimes de la fronti\u00e8re Nador-Melilla 24\/6\/2022\u00a0\u00bb &#8212; Caminando Fronteras\" data-secret=\"V0xt5eHBAw\" frameborder=\"0\" marginwidth=\"0\" marginheight=\"0\" scrolling=\"no\" class=\"wp-embedded-content\"><\/iframe><script>\n\/*! This file is auto-generated *\/\n!function(d,l){\"use strict\";l.querySelector&&d.addEventListener&&\"undefined\"!=typeof URL&&(d.wp=d.wp||{},d.wp.receiveEmbedMessage||(d.wp.receiveEmbedMessage=function(e){var t=e.data;if((t||t.secret||t.message||t.value)&&!\/[^a-zA-Z0-9]\/.test(t.secret)){for(var s,r,n,a=l.querySelectorAll('iframe[data-secret=\"'+t.secret+'\"]'),o=l.querySelectorAll('blockquote[data-secret=\"'+t.secret+'\"]'),c=new RegExp(\"^https?:$\",\"i\"),i=0;i<o.length;i++)o[i].style.display=\"none\";for(i=0;i<a.length;i++)s=a[i],e.source===s.contentWindow&&(s.removeAttribute(\"style\"),\"height\"===t.message?(1e3<(r=parseInt(t.value,10))?r=1e3:~~r<200&&(r=200),s.height=r):\"link\"===t.message&&(r=new URL(s.getAttribute(\"src\")),n=new URL(t.value),c.test(n.protocol))&&n.host===r.host&&l.activeElement===s&&(d.top.location.href=t.value))}},d.addEventListener(\"message\",d.wp.receiveEmbedMessage,!1),l.addEventListener(\"DOMContentLoaded\",function(){for(var e,t,s=l.querySelectorAll(\"iframe.wp-embedded-content\"),r=0;r<s.length;r++)(t=(e=s[r]).getAttribute(\"data-secret\"))||(t=Math.random().toString(36).substring(2,12),e.src+=\"#?secret=\"+t,e.setAttribute(\"data-secret\",t)),e.contentWindow.postMessage({message:\"ready\",secret:t},\"*\")},!1)))}(window,document);\n\/\/# sourceURL=https:\/\/caminandofronteras.org\/wp-includes\/js\/wp-embed.min.js\n<\/script>\n","thumbnail_url":"https:\/\/caminandofronteras.org\/wp-content\/uploads\/2023\/01\/DALV-NadorMelilla-imag-destac-1920x1080-1.jpg","thumbnail_width":1920,"thumbnail_height":1080,"description":"Les donn\u00e9es pr\u00e9sent\u00e9es ci-dessous sont le r\u00e9sultat de l&rsquo;accompagnement des survivants du massacre qui a eu lieu \u00e0 la fronti\u00e8re hispano-marocaine entre Melilla et Nador le 24 juin 2022. Les communaut\u00e9s migrantes, les r\u00e9seaux familiaux et les d\u00e9fenseurs des droits humains sur le terrain ont collect\u00e9, compar\u00e9 et syst\u00e9matis\u00e9 les informations n\u00e9cessaires. Sept mois ont ... Lire plus"}

Rapport - Victimes de la frontière Nador-Melilla 24/6/2022 - Caminando Fronteras

<blockquote class="wp-embedded-content" data-secret="V0xt5eHBAw"><a href="https://caminandofronteras.org/fr/monitoreo/victimas-de-la-frontera-nador-melilla/">Rapport &#8211; Victimes de la frontière Nador-Melilla 24/6/2022</a></blockquote><iframe sandbox="allow-scripts" security="restricted" src="https://caminandofronteras.org/fr/monitoreo/victimas-de-la-frontera-nador-melilla/embed/#?secret=V0xt5eHBAw" width="600" height="338" title="« Rapport &#8211; Victimes de la frontière Nador-Melilla 24/6/2022 » &#8212; Caminando Fronteras" data-secret="V0xt5eHBAw" frameborder="0" marginwidth="0" marginheight="0" scrolling="no" class="wp-embedded-content"></iframe><script>
/*! This file is auto-generated */
!function(d,l){"use strict";l.querySelector&&d.addEventListener&&"undefined"!=typeof URL&&(d.wp=d.wp||{},d.wp.receiveEmbedMessage||(d.wp.receiveEmbedMessage=function(e){var t=e.data;if((t||t.secret||t.message||t.value)&&!/[^a-zA-Z0-9]/.test(t.secret)){for(var s,r,n,a=l.querySelectorAll('iframe[data-secret="'+t.secret+'"]'),o=l.querySelectorAll('blockquote[data-secret="'+t.secret+'"]'),c=new RegExp("^https?:$","i"),i=0;i<o.length;i++)o[i].style.display="none";for(i=0;i<a.length;i++)s=a[i],e.source===s.contentWindow&&(s.removeAttribute("style"),"height"===t.message?(1e3<(r=parseInt(t.value,10))?r=1e3:~~r<200&&(r=200),s.height=r):"link"===t.message&&(r=new URL(s.getAttribute("src")),n=new URL(t.value),c.test(n.protocol))&&n.host===r.host&&l.activeElement===s&&(d.top.location.href=t.value))}},d.addEventListener("message",d.wp.receiveEmbedMessage,!1),l.addEventListener("DOMContentLoaded",function(){for(var e,t,s=l.querySelectorAll("iframe.wp-embedded-content"),r=0;r<s.length;r++)(t=(e=s[r]).getAttribute("data-secret"))||(t=Math.random().toString(36).substring(2,12),e.src+="#?secret="+t,e.setAttribute("data-secret",t)),e.contentWindow.postMessage({message:"ready",secret:t},"*")},!1)))}(window,document);
//# sourceURL=https://caminandofronteras.org/wp-includes/js/wp-embed.min.js
</script>

Les données présentées ci-dessous sont le résultat de l&rsquo;accompagnement des survivants du massacre qui a eu lieu à la frontière hispano-marocaine entre Melilla et Nador le 24 juin 2022. Les communautés migrantes, les réseaux familiaux et les défenseurs des droits humains sur le terrain ont collecté, comparé et systématisé les informations nécessaires. Sept mois ont ... Lire plus
