{"id":8468,"date":"2014-02-06T07:47:00","date_gmt":"2014-02-06T06:47:00","guid":{"rendered":"https:\/\/caminandofronteras.org\/victimas\/nana-roger-chimie\/"},"modified":"2021-10-05T15:08:33","modified_gmt":"2021-10-05T14:08:33","slug":"nana-roger-chimie","status":"publish","type":"victimas","link":"https:\/\/caminandofronteras.org\/fr\/victimes\/nana-roger-chimie\/","title":{"rendered":"Nana Roger Chimie"},"content":{"rendered":"\n<p>Sa grande s\u0153ur s\u2019en est occup\u00e9e comme de son fils. Gr\u00e2ce \u00e0 elle, il a pu aller \u00e0 l\u2019\u00e9cole puis au lyc\u00e9e. Un jour, elle a re\u00e7u un appel de l\u2019\u00e9tranger lui annon\u00e7ant que son fr\u00e8re \u00e9tait mort en tentant de gagner l\u2019Espagne \u00e0 la nage. <\/p>\n\n<p>Vous pouvez en apprendre davantage sur son histoire dans notre documentaire <a href=\"https:\/\/vimeo.com\/154265793\">\u00ab\u00a0Tarajal: Transformar el dolor en Justicia\u00a0\u00bb<\/a><\/p>\n","protected":false},"excerpt":{"rendered":"<p>Sa grande s\u0153ur s\u2019en est occup\u00e9e comme de son fils. Gr\u00e2ce \u00e0 elle, il a pu aller \u00e0 l\u2019\u00e9cole puis au lyc\u00e9e. Un jour, elle a re\u00e7u un appel de l\u2019\u00e9tranger lui annon\u00e7ant que son fr\u00e8re \u00e9tait mort en tentant de gagner l\u2019Espagne \u00e0 la nage. Vous pouvez en apprendre davantage sur son histoire dans &#8230; <a title=\"Nana Roger Chimie\" class=\"read-more\" href=\"https:\/\/caminandofronteras.org\/fr\/victimes\/nana-roger-chimie\/\" aria-label=\"En savoir plus sur Nana Roger Chimie\">Lire plus<\/a><\/p>\n","protected":false},"author":2,"featured_media":6984,"parent":0,"menu_order":0,"comment_status":"open","ping_status":"closed","template":"","format":"standard","meta":{"_acf_changed":false,"_coblocks_attr":"","_coblocks_dimensions":"","_coblocks_responsive_height":"","_coblocks_accordion_ie_support":"","pgc_sgb_lightbox_settings":"","footnotes":""},"estado_victima":[221],"lugar_desaparicion":[],"nacionalidad_victima":[227],"rutas":[219],"class_list":["post-8468","victimas","type-victimas","status-publish","format-standard","has-post-thumbnail","hentry","estado_victima-deces-confirmes","nacionalidad_victima-cameroun","rutas-la-route-du-detroit-de-gibraltar"],"acf":[],"yoast_head":"<!-- This site is optimized with the Yoast SEO plugin v27.3 - https:\/\/yoast.com\/product\/yoast-seo-wordpress\/ -->\n<title>Nana Roger Chimie - Caminando Fronteras<\/title>\n<meta name=\"robots\" content=\"index, follow, max-snippet:-1, max-image-preview:large, max-video-preview:-1\" \/>\n<link rel=\"canonical\" href=\"https:\/\/caminandofronteras.org\/fr\/victimes\/nana-roger-chimie\/\" \/>\n<meta property=\"og:locale\" content=\"fr_FR\" \/>\n<meta property=\"og:type\" content=\"article\" \/>\n<meta property=\"og:title\" content=\"Nana Roger Chimie - Caminando Fronteras\" \/>\n<meta property=\"og:description\" content=\"Sa grande s\u0153ur s\u2019en est occup\u00e9e comme de son fils. Gr\u00e2ce \u00e0 elle, il a pu aller \u00e0 l\u2019\u00e9cole puis au lyc\u00e9e. Un jour, elle a re\u00e7u un appel de l\u2019\u00e9tranger lui annon\u00e7ant que son fr\u00e8re \u00e9tait mort en tentant de gagner l\u2019Espagne \u00e0 la nage. Vous pouvez en apprendre davantage sur son histoire dans ... Lire plus\" \/>\n<meta property=\"og:url\" content=\"https:\/\/caminandofronteras.org\/fr\/victimes\/nana-roger-chimie\/\" \/>\n<meta property=\"og:site_name\" content=\"Caminando Fronteras\" \/>\n<meta property=\"article:modified_time\" content=\"2021-10-05T14:08:33+00:00\" \/>\n<meta property=\"og:image\" content=\"https:\/\/caminandofronteras.org\/wp-content\/uploads\/2020\/11\/545-401-max.jpg\" \/>\n\t<meta property=\"og:image:width\" content=\"545\" \/>\n\t<meta property=\"og:image:height\" content=\"401\" \/>\n\t<meta property=\"og:image:type\" content=\"image\/jpeg\" \/>\n<meta name=\"twitter:card\" content=\"summary_large_image\" \/>\n<script type=\"application\/ld+json\" class=\"yoast-schema-graph\">{\"@context\":\"https:\\\/\\\/schema.org\",\"@graph\":[{\"@type\":\"WebPage\",\"@id\":\"https:\\\/\\\/caminandofronteras.org\\\/fr\\\/victimes\\\/nana-roger-chimie\\\/\",\"url\":\"https:\\\/\\\/caminandofronteras.org\\\/fr\\\/victimes\\\/nana-roger-chimie\\\/\",\"name\":\"Nana Roger Chimie - Caminando Fronteras\",\"isPartOf\":{\"@id\":\"https:\\\/\\\/caminandofronteras.org\\\/fr\\\/#website\"},\"primaryImageOfPage\":{\"@id\":\"https:\\\/\\\/caminandofronteras.org\\\/fr\\\/victimes\\\/nana-roger-chimie\\\/#primaryimage\"},\"image\":{\"@id\":\"https:\\\/\\\/caminandofronteras.org\\\/fr\\\/victimes\\\/nana-roger-chimie\\\/#primaryimage\"},\"thumbnailUrl\":\"https:\\\/\\\/caminandofronteras.org\\\/wp-content\\\/uploads\\\/2020\\\/11\\\/545-401-max.jpg\",\"datePublished\":\"2014-02-06T06:47:00+00:00\",\"dateModified\":\"2021-10-05T14:08:33+00:00\",\"breadcrumb\":{\"@id\":\"https:\\\/\\\/caminandofronteras.org\\\/fr\\\/victimes\\\/nana-roger-chimie\\\/#breadcrumb\"},\"inLanguage\":\"fr-FR\",\"potentialAction\":[{\"@type\":\"ReadAction\",\"target\":[\"https:\\\/\\\/caminandofronteras.org\\\/fr\\\/victimes\\\/nana-roger-chimie\\\/\"]}]},{\"@type\":\"ImageObject\",\"inLanguage\":\"fr-FR\",\"@id\":\"https:\\\/\\\/caminandofronteras.org\\\/fr\\\/victimes\\\/nana-roger-chimie\\\/#primaryimage\",\"url\":\"https:\\\/\\\/caminandofronteras.org\\\/wp-content\\\/uploads\\\/2020\\\/11\\\/545-401-max.jpg\",\"contentUrl\":\"https:\\\/\\\/caminandofronteras.org\\\/wp-content\\\/uploads\\\/2020\\\/11\\\/545-401-max.jpg\",\"width\":545,\"height\":401},{\"@type\":\"BreadcrumbList\",\"@id\":\"https:\\\/\\\/caminandofronteras.org\\\/fr\\\/victimes\\\/nana-roger-chimie\\\/#breadcrumb\",\"itemListElement\":[{\"@type\":\"ListItem\",\"position\":1,\"name\":\"Portada\",\"item\":\"https:\\\/\\\/caminandofronteras.org\\\/fr\\\/\"},{\"@type\":\"ListItem\",\"position\":2,\"name\":\"V\u00edctimas\",\"item\":\"https:\\\/\\\/caminandofronteras.org\\\/fr\\\/victimes\\\/\"},{\"@type\":\"ListItem\",\"position\":3,\"name\":\"Nana Roger Chimie\"}]},{\"@type\":\"WebSite\",\"@id\":\"https:\\\/\\\/caminandofronteras.org\\\/fr\\\/#website\",\"url\":\"https:\\\/\\\/caminandofronteras.org\\\/fr\\\/\",\"name\":\"Caminando Fronteras\",\"description\":\"Construyendo comunidad migrante\",\"publisher\":{\"@id\":\"https:\\\/\\\/caminandofronteras.org\\\/fr\\\/#organization\"},\"potentialAction\":[{\"@type\":\"SearchAction\",\"target\":{\"@type\":\"EntryPoint\",\"urlTemplate\":\"https:\\\/\\\/caminandofronteras.org\\\/fr\\\/?s={search_term_string}\"},\"query-input\":{\"@type\":\"PropertyValueSpecification\",\"valueRequired\":true,\"valueName\":\"search_term_string\"}}],\"inLanguage\":\"fr-FR\"},{\"@type\":\"Organization\",\"@id\":\"https:\\\/\\\/caminandofronteras.org\\\/fr\\\/#organization\",\"name\":\"Caminando Fronteras\",\"url\":\"https:\\\/\\\/caminandofronteras.org\\\/fr\\\/\",\"logo\":{\"@type\":\"ImageObject\",\"inLanguage\":\"fr-FR\",\"@id\":\"https:\\\/\\\/caminandofronteras.org\\\/fr\\\/#\\\/schema\\\/logo\\\/image\\\/\",\"url\":\"https:\\\/\\\/caminandofronteras.org\\\/wp-content\\\/uploads\\\/2020\\\/02\\\/cff-negro.svg\",\"contentUrl\":\"https:\\\/\\\/caminandofronteras.org\\\/wp-content\\\/uploads\\\/2020\\\/02\\\/cff-negro.svg\",\"width\":758,\"height\":320,\"caption\":\"Caminando Fronteras\"},\"image\":{\"@id\":\"https:\\\/\\\/caminandofronteras.org\\\/fr\\\/#\\\/schema\\\/logo\\\/image\\\/\"}}]}<\/script>\n<!-- \/ Yoast SEO plugin. -->","yoast_head_json":{"title":"Nana Roger Chimie - Caminando Fronteras","robots":{"index":"index","follow":"follow","max-snippet":"max-snippet:-1","max-image-preview":"max-image-preview:large","max-video-preview":"max-video-preview:-1"},"canonical":"https:\/\/caminandofronteras.org\/fr\/victimes\/nana-roger-chimie\/","og_locale":"fr_FR","og_type":"article","og_title":"Nana Roger Chimie - Caminando Fronteras","og_description":"Sa grande s\u0153ur s\u2019en est occup\u00e9e comme de son fils. Gr\u00e2ce \u00e0 elle, il a pu aller \u00e0 l\u2019\u00e9cole puis au lyc\u00e9e. Un jour, elle a re\u00e7u un appel de l\u2019\u00e9tranger lui annon\u00e7ant que son fr\u00e8re \u00e9tait mort en tentant de gagner l\u2019Espagne \u00e0 la nage. Vous pouvez en apprendre davantage sur son histoire dans ... Lire plus","og_url":"https:\/\/caminandofronteras.org\/fr\/victimes\/nana-roger-chimie\/","og_site_name":"Caminando Fronteras","article_modified_time":"2021-10-05T14:08:33+00:00","og_image":[{"width":545,"height":401,"url":"https:\/\/caminandofronteras.org\/wp-content\/uploads\/2020\/11\/545-401-max.jpg","type":"image\/jpeg"}],"twitter_card":"summary_large_image","schema":{"@context":"https:\/\/schema.org","@graph":[{"@type":"WebPage","@id":"https:\/\/caminandofronteras.org\/fr\/victimes\/nana-roger-chimie\/","url":"https:\/\/caminandofronteras.org\/fr\/victimes\/nana-roger-chimie\/","name":"Nana Roger Chimie - Caminando Fronteras","isPartOf":{"@id":"https:\/\/caminandofronteras.org\/fr\/#website"},"primaryImageOfPage":{"@id":"https:\/\/caminandofronteras.org\/fr\/victimes\/nana-roger-chimie\/#primaryimage"},"image":{"@id":"https:\/\/caminandofronteras.org\/fr\/victimes\/nana-roger-chimie\/#primaryimage"},"thumbnailUrl":"https:\/\/caminandofronteras.org\/wp-content\/uploads\/2020\/11\/545-401-max.jpg","datePublished":"2014-02-06T06:47:00+00:00","dateModified":"2021-10-05T14:08:33+00:00","breadcrumb":{"@id":"https:\/\/caminandofronteras.org\/fr\/victimes\/nana-roger-chimie\/#breadcrumb"},"inLanguage":"fr-FR","potentialAction":[{"@type":"ReadAction","target":["https:\/\/caminandofronteras.org\/fr\/victimes\/nana-roger-chimie\/"]}]},{"@type":"ImageObject","inLanguage":"fr-FR","@id":"https:\/\/caminandofronteras.org\/fr\/victimes\/nana-roger-chimie\/#primaryimage","url":"https:\/\/caminandofronteras.org\/wp-content\/uploads\/2020\/11\/545-401-max.jpg","contentUrl":"https:\/\/caminandofronteras.org\/wp-content\/uploads\/2020\/11\/545-401-max.jpg","width":545,"height":401},{"@type":"BreadcrumbList","@id":"https:\/\/caminandofronteras.org\/fr\/victimes\/nana-roger-chimie\/#breadcrumb","itemListElement":[{"@type":"ListItem","position":1,"name":"Portada","item":"https:\/\/caminandofronteras.org\/fr\/"},{"@type":"ListItem","position":2,"name":"V\u00edctimas","item":"https:\/\/caminandofronteras.org\/fr\/victimes\/"},{"@type":"ListItem","position":3,"name":"Nana Roger Chimie"}]},{"@type":"WebSite","@id":"https:\/\/caminandofronteras.org\/fr\/#website","url":"https:\/\/caminandofronteras.org\/fr\/","name":"Caminando Fronteras","description":"Construyendo comunidad migrante","publisher":{"@id":"https:\/\/caminandofronteras.org\/fr\/#organization"},"potentialAction":[{"@type":"SearchAction","target":{"@type":"EntryPoint","urlTemplate":"https:\/\/caminandofronteras.org\/fr\/?s={search_term_string}"},"query-input":{"@type":"PropertyValueSpecification","valueRequired":true,"valueName":"search_term_string"}}],"inLanguage":"fr-FR"},{"@type":"Organization","@id":"https:\/\/caminandofronteras.org\/fr\/#organization","name":"Caminando Fronteras","url":"https:\/\/caminandofronteras.org\/fr\/","logo":{"@type":"ImageObject","inLanguage":"fr-FR","@id":"https:\/\/caminandofronteras.org\/fr\/#\/schema\/logo\/image\/","url":"https:\/\/caminandofronteras.org\/wp-content\/uploads\/2020\/02\/cff-negro.svg","contentUrl":"https:\/\/caminandofronteras.org\/wp-content\/uploads\/2020\/02\/cff-negro.svg","width":758,"height":320,"caption":"Caminando Fronteras"},"image":{"@id":"https:\/\/caminandofronteras.org\/fr\/#\/schema\/logo\/image\/"}}]}},"_links":{"self":[{"href":"https:\/\/caminandofronteras.org\/fr\/wp-json\/wp\/v2\/victimas\/8468","targetHints":{"allow":["GET"]}}],"collection":[{"href":"https:\/\/caminandofronteras.org\/fr\/wp-json\/wp\/v2\/victimas"}],"about":[{"href":"https:\/\/caminandofronteras.org\/fr\/wp-json\/wp\/v2\/types\/victimas"}],"author":[{"embeddable":true,"href":"https:\/\/caminandofronteras.org\/fr\/wp-json\/wp\/v2\/users\/2"}],"replies":[{"embeddable":true,"href":"https:\/\/caminandofronteras.org\/fr\/wp-json\/wp\/v2\/comments?post=8468"}],"version-history":[{"count":3,"href":"https:\/\/caminandofronteras.org\/fr\/wp-json\/wp\/v2\/victimas\/8468\/revisions"}],"predecessor-version":[{"id":35092,"href":"https:\/\/caminandofronteras.org\/fr\/wp-json\/wp\/v2\/victimas\/8468\/revisions\/35092"}],"wp:featuredmedia":[{"embeddable":true,"href":"https:\/\/caminandofronteras.org\/fr\/wp-json\/wp\/v2\/media\/6984"}],"wp:attachment":[{"href":"https:\/\/caminandofronteras.org\/fr\/wp-json\/wp\/v2\/media?parent=8468"}],"wp:term":[{"taxonomy":"estado_victima","embeddable":true,"href":"https:\/\/caminandofronteras.org\/fr\/wp-json\/wp\/v2\/estado_victima?post=8468"},{"taxonomy":"lugar_desaparicion","embeddable":true,"href":"https:\/\/caminandofronteras.org\/fr\/wp-json\/wp\/v2\/lugar_desaparicion?post=8468"},{"taxonomy":"nacionalidad_victima","embeddable":true,"href":"https:\/\/caminandofronteras.org\/fr\/wp-json\/wp\/v2\/nacionalidad_victima?post=8468"},{"taxonomy":"rutas","embeddable":true,"href":"https:\/\/caminandofronteras.org\/fr\/wp-json\/wp\/v2\/rutas?post=8468"}],"curies":[{"name":"wp","href":"https:\/\/api.w.org\/{rel}","templated":true}]}}

<p>Sa grande sœur s’en est occupée comme de son fils. Grâce à elle, il a pu aller à l’école puis au lycée. Un jour, elle a reçu un appel de l’étranger lui annonçant que son frère était mort en tentant de gagner l’Espagne à la nage. </p>

<p>Vous pouvez en apprendre davantage sur son histoire dans notre documentaire <a href="https://vimeo.com/154265793">« Tarajal: Transformar el dolor en Justicia »</a></p>

<p>Sa grande sœur s’en est occupée comme de son fils. Grâce à elle, il a pu aller à l’école puis au lycée. Un jour, elle a reçu un appel de l’étranger lui annonçant que son frère était mort en tentant de gagner l’Espagne à la nage. Vous pouvez en apprendre davantage sur son histoire dans &#8230; <a title="Nana Roger Chimie" class="read-more" href="https://caminandofronteras.org/fr/victimes/nana-roger-chimie/" aria-label="En savoir plus sur Nana Roger Chimie">Lire plus</a></p>

<!-- This site is optimized with the Yoast SEO plugin v27.3 - https://yoast.com/product/yoast-seo-wordpress/ -->
<title>Nana Roger Chimie - Caminando Fronteras</title>
<meta name="robots" content="index, follow, max-snippet:-1, max-image-preview:large, max-video-preview:-1" />
<link rel="canonical" href="https://caminandofronteras.org/fr/victimes/nana-roger-chimie/" />
<meta property="og:locale" content="fr_FR" />
<meta property="og:type" content="article" />
<meta property="og:title" content="Nana Roger Chimie - Caminando Fronteras" />
<meta property="og:description" content="Sa grande sœur s’en est occupée comme de son fils. Grâce à elle, il a pu aller à l’école puis au lycée. Un jour, elle a reçu un appel de l’étranger lui annonçant que son frère était mort en tentant de gagner l’Espagne à la nage. Vous pouvez en apprendre davantage sur son histoire dans ... Lire plus" />
<meta property="og:url" content="https://caminandofronteras.org/fr/victimes/nana-roger-chimie/" />
<meta property="og:site_name" content="Caminando Fronteras" />
<meta property="article:modified_time" content="2021-10-05T14:08:33+00:00" />
<meta property="og:image" content="https://caminandofronteras.org/wp-content/uploads/2020/11/545-401-max.jpg" />
	<meta property="og:image:width" content="545" />
	<meta property="og:image:height" content="401" />
	<meta property="og:image:type" content="image/jpeg" />
<meta name="twitter:card" content="summary_large_image" />
<script type="application/ld+json" class="yoast-schema-graph">{"@context":"https:\/\/schema.org","@graph":[{"@type":"WebPage","@id":"https:\/\/caminandofronteras.org\/fr\/victimes\/nana-roger-chimie\/","url":"https:\/\/caminandofronteras.org\/fr\/victimes\/nana-roger-chimie\/","name":"Nana Roger Chimie - Caminando Fronteras","isPartOf":{"@id":"https:\/\/caminandofronteras.org\/fr\/#website"},"primaryImageOfPage":{"@id":"https:\/\/caminandofronteras.org\/fr\/victimes\/nana-roger-chimie\/#primaryimage"},"image":{"@id":"https:\/\/caminandofronteras.org\/fr\/victimes\/nana-roger-chimie\/#primaryimage"},"thumbnailUrl":"https:\/\/caminandofronteras.org\/wp-content\/uploads\/2020\/11\/545-401-max.jpg","datePublished":"2014-02-06T06:47:00+00:00","dateModified":"2021-10-05T14:08:33+00:00","breadcrumb":{"@id":"https:\/\/caminandofronteras.org\/fr\/victimes\/nana-roger-chimie\/#breadcrumb"},"inLanguage":"fr-FR","potentialAction":[{"@type":"ReadAction","target":["https:\/\/caminandofronteras.org\/fr\/victimes\/nana-roger-chimie\/"]}]},{"@type":"ImageObject","inLanguage":"fr-FR","@id":"https:\/\/caminandofronteras.org\/fr\/victimes\/nana-roger-chimie\/#primaryimage","url":"https:\/\/caminandofronteras.org\/wp-content\/uploads\/2020\/11\/545-401-max.jpg","contentUrl":"https:\/\/caminandofronteras.org\/wp-content\/uploads\/2020\/11\/545-401-max.jpg","width":545,"height":401},{"@type":"BreadcrumbList","@id":"https:\/\/caminandofronteras.org\/fr\/victimes\/nana-roger-chimie\/#breadcrumb","itemListElement":[{"@type":"ListItem","position":1,"name":"Portada","item":"https:\/\/caminandofronteras.org\/fr\/"},{"@type":"ListItem","position":2,"name":"Víctimas","item":"https:\/\/caminandofronteras.org\/fr\/victimes\/"},{"@type":"ListItem","position":3,"name":"Nana Roger Chimie"}]},{"@type":"WebSite","@id":"https:\/\/caminandofronteras.org\/fr\/#website","url":"https:\/\/caminandofronteras.org\/fr\/","name":"Caminando Fronteras","description":"Construyendo comunidad migrante","publisher":{"@id":"https:\/\/caminandofronteras.org\/fr\/#organization"},"potentialAction":[{"@type":"SearchAction","target":{"@type":"EntryPoint","urlTemplate":"https:\/\/caminandofronteras.org\/fr\/?s={search_term_string}"},"query-input":{"@type":"PropertyValueSpecification","valueRequired":true,"valueName":"search_term_string"}}],"inLanguage":"fr-FR"},{"@type":"Organization","@id":"https:\/\/caminandofronteras.org\/fr\/#organization","name":"Caminando Fronteras","url":"https:\/\/caminandofronteras.org\/fr\/","logo":{"@type":"ImageObject","inLanguage":"fr-FR","@id":"https:\/\/caminandofronteras.org\/fr\/#\/schema\/logo\/image\/","url":"https:\/\/caminandofronteras.org\/wp-content\/uploads\/2020\/02\/cff-negro.svg","contentUrl":"https:\/\/caminandofronteras.org\/wp-content\/uploads\/2020\/02\/cff-negro.svg","width":758,"height":320,"caption":"Caminando Fronteras"},"image":{"@id":"https:\/\/caminandofronteras.org\/fr\/#\/schema\/logo\/image\/"}}]}</script>
<!-- / Yoast SEO plugin. -->

Sa grande sœur s’en est occupée comme de son fils. Grâce à elle, il a pu aller à l’école puis au lycée. Un jour, elle a reçu un appel de l’étranger lui annonçant que son frère était mort en tentant de gagner l’Espagne à la nage. Vous pouvez en apprendre davantage sur son histoire dans ... Lire plus

Víctimas
